{"id":602,"date":"2015-09-07T07:23:36","date_gmt":"2015-09-07T10:23:36","guid":{"rendered":"http:\/\/nonaessencya.com\/vitrine\/?product=floral-ambiental-pessoal"},"modified":"2022-05-16T07:44:39","modified_gmt":"2022-05-16T10:44:39","slug":"floral-ambiental-pessoal","status":"publish","type":"product","link":"https:\/\/nonaessencya.com.br\/vitrine\/?product=floral-ambiental-pessoal","title":{"rendered":"Floral Ambiental Pessoal"},"content":{"rendered":"<p>Floral Ambiental Pessoal\u00a0 em spray\u00a0 de 150ml, a ser elaborado sob encomenda, contendo at\u00e9 10 ess\u00eancias que voc\u00ea indicar entre as Ess\u00eancias Florais e Elixires de rochas e minerais do sistema Nona Ess\u00eancya.<\/p>\n<p>Pense na possibilidade de elaborar a sua propria ess\u00eancia que poder\u00e1 ajudar com assuntos como prote\u00e7\u00e3o astral, nos disturbios so sono e tamb\u00e9m nos momentos romanticos de sensualidade e prazer.<\/p>\n<p>&nbsp;<\/p>\n","protected":false},"excerpt":{"rendered":"<p>Floral Ambiental Pessoal\u00a0 em spray\u00a0 de 150ml, a ser elaborado sob encomenda, contendo at\u00e9 10 ess\u00eancias que voc\u00ea indicar entre as Ess\u00eancias Florais e Elixires de rochas e minerais do sistema Nona Ess\u00eancya. Pense na possibilidade de elaborar a sua <span class=\"excerpt-dots\">&hellip;<\/span> <a class=\"more-link\" href=\"https:\/\/nonaessencya.com.br\/vitrine\/?product=floral-ambiental-pessoal\"><span class=\"more-msg\">Continuar lendo &rarr;<\/span><\/a><\/p>\n","protected":false},"featured_media":596,"comment_status":"closed","ping_status":"closed","template":"","meta":[],"product_cat":[123,260],"product_tag":[],"class_list":{"0":"post-602","1":"product","2":"type-product","3":"status-publish","4":"has-post-thumbnail","6":"product_cat-bem-estar","7":"product_cat-floral-ambiental","9":"first","10":"instock","11":"shipping-taxable","12":"purchasable","13":"product-type-simple"},"_links":{"self":[{"href":"https:\/\/nonaessencya.com.br\/vitrine\/index.php?rest_route=\/wp\/v2\/product\/602","targetHints":{"allow":["GET"]}}],"collection":[{"href":"https:\/\/nonaessencya.com.br\/vitrine\/index.php?rest_route=\/wp\/v2\/product"}],"about":[{"href":"https:\/\/nonaessencya.com.br\/vitrine\/index.php?rest_route=\/wp\/v2\/types\/product"}],"replies":[{"embeddable":true,"href":"https:\/\/nonaessencya.com.br\/vitrine\/index.php?rest_route=%2Fwp%2Fv2%2Fcomments&post=602"}],"wp:featuredmedia":[{"embeddable":true,"href":"https:\/\/nonaessencya.com.br\/vitrine\/index.php?rest_route=\/wp\/v2\/media\/596"}],"wp:attachment":[{"href":"https:\/\/nonaessencya.com.br\/vitrine\/index.php?rest_route=%2Fwp%2Fv2%2Fmedia&parent=602"}],"wp:term":[{"taxonomy":"product_cat","embeddable":true,"href":"https:\/\/nonaessencya.com.br\/vitrine\/index.php?rest_route=%2Fwp%2Fv2%2Fproduct_cat&post=602"},{"taxonomy":"product_tag","embeddable":true,"href":"https:\/\/nonaessencya.com.br\/vitrine\/index.php?rest_route=%2Fwp%2Fv2%2Fproduct_tag&post=602"}],"curies":[{"name":"wp","href":"https:\/\/api.w.org\/{rel}","templated":true}]}}