{"id":458,"date":"2015-09-01T09:40:14","date_gmt":"2015-09-01T12:40:14","guid":{"rendered":"http:\/\/nonaessencya.com\/vitrine\/?post_type=product&#038;p=458"},"modified":"2015-09-10T11:38:50","modified_gmt":"2015-09-10T14:38:50","slug":"baralho-do-cerrado","status":"publish","type":"product","link":"https:\/\/nonaessencya.com.br\/vitrine\/?product=baralho-do-cerrado","title":{"rendered":"Baralho do Cerrado"},"content":{"rendered":"<p>Este \u00e9 um Baralho especialmente desenvolvido para o trabalho terap\u00eautico com as essencias florais do Cerrado.<br \/>\nPossui 39 laminas coloridas e plastificadas para ajudar na escolha das ess\u00eancias para uma F\u00f3rmula pessoal.<\/p>\n<p>As cartas ajudam o terap\u00eauta acessar informa\u00e7\u00f5es do inconciente do seu paciente, ajudando em uma disgnose mais precisa do problema, com suas fontes de diversas origens.<\/p>\n<p>Existem v\u00e1rias tecnicas simples para o uso das cartas. Uma delas, muito eficiente, chamamos de escolha aleat\u00f3ria. Ap\u00f3s o consultante relachar e se focar em um estado perfeito de sa\u00fade e alegria ele pensa um numero aleat\u00f3rio, o terapeuta resume este numero somando suas unidades at\u00e9 formar um numero com uma unidade decimal. Por exemplo: 23= 2+3=5 O numero das essencias ser\u00e3o 5 un. Tendo chegado a este numero a pessoa vai misturar as cartas e retirar aleat\u00f3riamente 5 cartas do jogo das cartas. Com estas cartas se elabora a essencia pessoal desta pessoa.<br \/>\nSugerimos sempre o uso adicional da essencia Emerg\u00eancia nas formulas pessoais. Acreditamos que ela ajuda ao paciente a se equilibrar e harmonizar mais rapidamente.<\/p>\n<p>Os textos das cartas est\u00e3o traduzidos para o ingles e o holandez, facilitando tamb\u00e9m quando o terapeuta trabalha com clientes de outros paises.<\/p>\n","protected":false},"excerpt":{"rendered":"<p>Este \u00e9 um Baralho especialmente desenvolvido para o trabalho terap\u00eautico com as essencias florais do Cerrado. Possui 39 laminas coloridas e plastificadas para ajudar na escolha das ess\u00eancias para uma F\u00f3rmula pessoal. As cartas ajudam o terap\u00eauta acessar informa\u00e7\u00f5es do <span class=\"excerpt-dots\">&hellip;<\/span> <a class=\"more-link\" href=\"https:\/\/nonaessencya.com.br\/vitrine\/?product=baralho-do-cerrado\"><span class=\"more-msg\">Continuar lendo &rarr;<\/span><\/a><\/p>\n","protected":false},"featured_media":461,"comment_status":"closed","ping_status":"closed","template":"","meta":[],"product_cat":[262,255],"product_tag":[],"class_list":{"0":"post-458","1":"product","2":"type-product","3":"status-publish","4":"has-post-thumbnail","6":"product_cat-produtos-kit-cerrado","7":"product_cat-livraria","9":"first","10":"instock","11":"shipping-taxable","12":"purchasable","13":"product-type-simple"},"_links":{"self":[{"href":"https:\/\/nonaessencya.com.br\/vitrine\/index.php?rest_route=\/wp\/v2\/product\/458","targetHints":{"allow":["GET"]}}],"collection":[{"href":"https:\/\/nonaessencya.com.br\/vitrine\/index.php?rest_route=\/wp\/v2\/product"}],"about":[{"href":"https:\/\/nonaessencya.com.br\/vitrine\/index.php?rest_route=\/wp\/v2\/types\/product"}],"replies":[{"embeddable":true,"href":"https:\/\/nonaessencya.com.br\/vitrine\/index.php?rest_route=%2Fwp%2Fv2%2Fcomments&post=458"}],"wp:featuredmedia":[{"embeddable":true,"href":"https:\/\/nonaessencya.com.br\/vitrine\/index.php?rest_route=\/wp\/v2\/media\/461"}],"wp:attachment":[{"href":"https:\/\/nonaessencya.com.br\/vitrine\/index.php?rest_route=%2Fwp%2Fv2%2Fmedia&parent=458"}],"wp:term":[{"taxonomy":"product_cat","embeddable":true,"href":"https:\/\/nonaessencya.com.br\/vitrine\/index.php?rest_route=%2Fwp%2Fv2%2Fproduct_cat&post=458"},{"taxonomy":"product_tag","embeddable":true,"href":"https:\/\/nonaessencya.com.br\/vitrine\/index.php?rest_route=%2Fwp%2Fv2%2Fproduct_tag&post=458"}],"curies":[{"name":"wp","href":"https:\/\/api.w.org\/{rel}","templated":true}]}}