{"id":229,"date":"2015-08-24T16:58:46","date_gmt":"2015-08-24T19:58:46","guid":{"rendered":"http:\/\/nonaessencya.com\/vitrine\/?page_id=229"},"modified":"2015-12-12T13:33:37","modified_gmt":"2015-12-12T15:33:37","slug":"nadir-vilela","status":"publish","type":"page","link":"https:\/\/nonaessencya.com.br\/vitrine\/?page_id=229","title":{"rendered":"Nadir Vilela"},"content":{"rendered":"<p>Nasci em 10 de junho de 1941 em Itumbiara &#8211; Goi\u00e1s, casei-me aos 19 anos quando havia concluido o ensino m\u00e9dio, naquela \u00e9poca chamava-se Normal. Ap\u00f3s ter meus quatro filhos e cria-los, voltei a estudar juntamente com o mais novo. Preparei-me para o vestibular e ingressei na faculdade de Direito. Em 1985 conclui o curso. Apesar de nunca ter atuado na \u00e1rea juridica esta forma\u00e7\u00e3o me d\u00e1 base para a organiza\u00e7\u00e3o intelectual dos meus estudos e trabalho terap\u00eautico. Vou falar um pouco das minhas origens para poder dar uma id\u00e9a do que \u00e9 o mundo para mim.<\/p>\n<p>Nasci e fui criada na fazenda onde, em companhia de minha m\u00e3e e de meu av\u00f4 materno, eu e meus irm\u00e3os, faz\u00edamos longas caminhadas pelo cerrado. Colh\u00edamos frutas nativas que eram muito apreciadas por todos n\u00f3s. Nestes passeios tamb\u00e9m se aproveitava para colher ramos ou ra\u00edzes que eram usados como rem\u00e9dio. Assim iniciei o meu aprendizado na \u00e1rea da cura e integra\u00e7\u00e3o com o reino vegetal. Naquele tempo, na ro\u00e7a, era dif\u00edcil o acesso ao auxilio m\u00e9dico e \u00e9ramos tratados com fitoterapia e homeopatia (toda a fam\u00edlia, os funcion\u00e1rios e os vizinhos da fazenda), ministrada por minha m\u00e3e, que conhecia muito sobre as ervas e que possu\u00eda uma botica (kit) de homeopatia, com a qual cuidava de todos.<\/p>\n<p>Assim tive na inf\u00e2ncia a minha inicia\u00e7\u00e3o na arte de conhecer as plantas curativas e preparar ch\u00e1s e compressas. Passaram-se muitos anos sem ter a consci\u00eancia que este aprendizado t\u00e3o natural e espont\u00e2neo fazia parte do meu destino como curadora. Hoje vejo esta habilidade como um dom que utilizo para ajudar as pessoas que me procuram de alguma forma. Hoje reconhe\u00e7o que nada acontece por acaso e com muito amor agrade\u00e7o a minha ancestralidade e ao precioso tempo de inf\u00e2ncia que me proporcionou tantas oportunidades que desfruto e compartilho com todos com quem tenho contato.<\/p>\n<p>Em 1989 conheci Norysa Bonilha, uma grande companheira de caminhada, com quem tive maravilhosas oportunidades de ampliar minha consci\u00eancia e desenvolver este trabalho. Ela \u00e9 paulistana e vive em Goi\u00e2nia desde 1981. Nos conhecemos em Goi\u00e2nia nas reuni\u00f5es da Argos (Associa\u00e7\u00e3o de Astr\u00f3logos de Goi\u00e2nia\/Goi\u00e1s) pois ambas estud\u00e1vamos astrologia e freq\u00fcent\u00e1vamos o mesmo grupo. T\u00ednhamos uma hist\u00f3ria de vida muito parecida e cheia de \u201ccoincid\u00eancias\u201d. Sab\u00edamos intimamente que t\u00ednhamos um trabalho que dever\u00edamos realizar juntas. Estudamos fitoterapia e alimenta\u00e7\u00e3o natural. Mais tarde iniciamos os estudos sobre as terapias energ\u00e9ticas e finalmente fizemos o primeiro curso de terapia floral, os Florais de Bach. Depois de algum tempo come\u00e7amos a elaborar as nossas proprias ess\u00eancias, e com o passar do tempo desenvolvemos o Sistema Floral Nona Ess\u00eancya, que deu origem a nossa primeira empresa.<\/p>\n<p>A partir de 1992 iniciamos os estudos sobre terapia floral em um grupo organizado e dirigido pelo querido amigo Dr. Jocenir Foppa. Este grupo durou quase um ano com reuni\u00f5es semanais. Neste per\u00edodo estud\u00e1vamos florais de Bach e Californianos.<\/p>\n<p>De 1993 a 1995 estudamos os sistemas florais de outros paises e fizemos cursos com os seus criadores, ao mesmo tempo em que desenvolv\u00edamos nossa pesquisa das Flores do Planalto Central.<\/p>\n<p>Juntas cursamos Especializa\u00e7\u00e3o em Terapia Floral pela Abre Flor \/ Universidade de Mogi das Cruzes; Workshop dos Florais Australianos: Living Essences (com Kadambii e Vasudeva Barnao) e Australian Bush Flower Essences (com Ian White); cursos de florais do Alaskan Flower Essences Project com Steve Johnson; Pacific Flower Essences com Sabina Pettitt; Intensive workshop with Desert Alchemy Flower Essences, in Tucson, Arizona, USA; Ess\u00eancias Florais FES Calif\u00f3rnia com Patr\u00edcia Kaminski e Richard Katz e Florais de Minas com Breno Marques.<\/p>\n<p>Ap\u00f3s este per\u00edodo, durante dois anos cursei uma Especializa\u00e7\u00e3o Universit\u00e1ria em S\u00e3o Paulo pelo Instituto Brasileiro de Estudos Homeop\u00e1ticos E \/ Universidade de Ribeir\u00e3o Preto (IBEHE E\/UNAERP), ocasi\u00e3o em que meu tema monogr\u00e1fico foi \u201cAdolesc\u00eancia e Ess\u00eancias Florais\u201d.<\/p>\n<p>Em 2009 constitui a atual empresa Florais Cerrado Brasil Produ\u00e7\u00e3o e Comercializa\u00e7\u00e3o Artesanal LTDA &#8211; ME &#8211; em Trindade &#8211; Goi\u00e1s, onde tenho a minha ch\u00e1cara e tamb\u00e9m o laborat\u00f3rio e a sede da Nona Ess\u00eancya.<br \/>\nTamb\u00e9m tenho meu escrit\u00f3rio e consult\u00f3rio em Goi\u00e2nia onde atendo meus clientes e organizo a venda e a entrega das ess\u00eancias que comercializamos.<\/p>\n<p>Voc\u00ea tamb\u00e9m pode marcar uma <a href=\"http:\/\/nonaessencya.com.br\/?product=atendimento\">consulta por telefone ou skype.<\/a><\/p>\n","protected":false},"excerpt":{"rendered":"<p>Nasci em 10 de junho de 1941 em Itumbiara &#8211; Goi\u00e1s, casei-me aos 19 anos quando havia concluido o ensino m\u00e9dio, naquela \u00e9poca chamava-se Normal. Ap\u00f3s ter meus quatro filhos e cria-los, voltei a estudar juntamente com o mais novo. <span class=\"excerpt-dots\">&hellip;<\/span> <a class=\"more-link\" href=\"https:\/\/nonaessencya.com.br\/vitrine\/?page_id=229\"><span class=\"more-msg\">Continuar lendo &rarr;<\/span><\/a><\/p>\n","protected":false},"author":1,"featured_media":44,"parent":102,"menu_order":1,"comment_status":"closed","ping_status":"closed","template":"","meta":{"footnotes":""},"class_list":["post-229","page","type-page","status-publish","has-post-thumbnail","hentry"],"_links":{"self":[{"href":"https:\/\/nonaessencya.com.br\/vitrine\/index.php?rest_route=\/wp\/v2\/pages\/229","targetHints":{"allow":["GET"]}}],"collection":[{"href":"https:\/\/nonaessencya.com.br\/vitrine\/index.php?rest_route=\/wp\/v2\/pages"}],"about":[{"href":"https:\/\/nonaessencya.com.br\/vitrine\/index.php?rest_route=\/wp\/v2\/types\/page"}],"author":[{"embeddable":true,"href":"https:\/\/nonaessencya.com.br\/vitrine\/index.php?rest_route=\/wp\/v2\/users\/1"}],"replies":[{"embeddable":true,"href":"https:\/\/nonaessencya.com.br\/vitrine\/index.php?rest_route=%2Fwp%2Fv2%2Fcomments&post=229"}],"version-history":[{"count":6,"href":"https:\/\/nonaessencya.com.br\/vitrine\/index.php?rest_route=\/wp\/v2\/pages\/229\/revisions"}],"predecessor-version":[{"id":716,"href":"https:\/\/nonaessencya.com.br\/vitrine\/index.php?rest_route=\/wp\/v2\/pages\/229\/revisions\/716"}],"up":[{"embeddable":true,"href":"https:\/\/nonaessencya.com.br\/vitrine\/index.php?rest_route=\/wp\/v2\/pages\/102"}],"wp:featuredmedia":[{"embeddable":true,"href":"https:\/\/nonaessencya.com.br\/vitrine\/index.php?rest_route=\/wp\/v2\/media\/44"}],"wp:attachment":[{"href":"https:\/\/nonaessencya.com.br\/vitrine\/index.php?rest_route=%2Fwp%2Fv2%2Fmedia&parent=229"}],"curies":[{"name":"wp","href":"https:\/\/api.w.org\/{rel}","templated":true}]}}